te?
False
Suppose 63 = 5*m - 3*t, 0 = -0*t + 3*t + 3. Let b(u) = 219*u - 1. Is b(m) prime?
False
Let o = 0 + 0. Suppose -1 - 9 = -2*g + 3*n, -2*g - n = -2. Suppose 5*l - 2547 = -c + 3*c, -3*l + g*c + 1529 = o. Is l a composite number?
False
Let u be 22/(-55) + 12/5. Suppose 3*r - 3*t = t + 444, -3*r - u*t = -426. Suppose 2*f + 5*j = r, 4*j - 22 = -6. Is f prime?
False
Let v be (-1364)/4 + 1*(1 + -4). Let k = -121 - v. Is k a composite number?
False
Suppose 6*o = 7*o - 1529. Is o composite?
True
Suppose 3*c - 15 = -3*d - 0*c, d + 4*c - 8 = 0. Let b(n) = 24*n**3 - 5*n**2 + 5*n - 5. Is b(d) a prime number?
True
Let g = -5 + 8. Let r be g/(-6) + (-25)/(-10). Suppose 0 = -5*o - 5*d + 1265, 5*o = -0*o - r*d + 1265. Is o composite?
True
Let c(r) = -163*r + 8. Let y be c(-5). Suppose -295 + y = -p. Let j = 379 - p. Is j prime?
True
Let q be (-7730)/(-40) - 1/4. Let z be ((-1)/(-2))/((-2)/(-12)). Suppose -q = -z*u + 68. Is u composite?
True
Is 48446/12 + (-16)/96 composite?
True
Suppose 4*y - 5 = 3*j, 0 = -y - 2*y + 5*j - 10. Suppose -10 - 3575 = -y*l. Is l prime?
False
Let t = 29 + -24. Suppose -t*z + 79 = 4. Is z composite?
True
Suppose 0 = 2*w + 3*y - 3004 + 11433, 3*y = 4*w + 16885. Let u be (1 - w)/5 + 0. Let h = 1223 - u. Is h composite?
False
Let p be 4818*1/(-3 - -4). Suppose -i + 7*i - p = 0. Is i a composite number?
True
Let z = 5743 + 1378. Is z prime?
True
Suppose -78*o + 62*o = -342832. Is o composite?
True
Let y = 1339 + 1702. Is y a composite number?
False
Let w be 234/36*24/26. Let b = -1 + 1. Suppose w*z - 8*z + 410 = b. Is z a composite number?
True
Let r(l) = -2*l - 1. Let k(y) = y + 1. Let o(h) = 7*k(h) + 4*r(h). Let w be o(-4). Suppose 4*a + 1331 = 5*x, 3*x = -3*a + w*a + 805. Is x prime?
True
Suppose -5*s + 7420 = -3*s - i, 7*s = -2*i + 25981. Is s composite?
True
Suppose 40 = p - 49. Suppose 0*x - p = -x. Is x prime?
True
Let n(j) be the third derivative of 17*j**4/24 + j**3/3 + 7*j**2. Let f be n(15). Suppose -5 = -2*g + f. Is g a prime number?
True
Let l = -1 + 4. Let p be (l + 0/(-3))/(-1). Is (3 + (p - 47))*-3 a prime number?
False
Let m be (15 + -1)*-5 - (2 + 0). Let s = 509 + m. Is s a composite number?
True
Suppose 5*o + 4*u = 13, -2*u - 2 = o - 1. Suppose -67 = -o*i + 538. Is i a composite number?
True
Suppose -t = -341 - 108. Is t a composite number?
False
Let p(q) = q - 4. Let g be p(4). Let k be 50*(g - (-27)/6). Suppose 0 = 4*h - 4*u - 287 - k, -123 = -h - 4*u. Is h prime?
True
Let b = 16 - 9. Let u = b - -1. Let l = 89 + u. Is l prime?
True
Let u = 25 - 14. Let p = 17 + u. Let q = 53 - p. Is q composite?
True
Let o(a) be the first derivative of -5*a**4/4 - 4*a**3/3 - 3*a**2/2 + a + 12. Is o(-3) a prime number?
True
Let t = 612 - 178. Suppose -5*x = 6 - 16. Suppose -4*h = -x*h - t. Is h composite?
True
Suppose -62 = 4*k + 34. Let j be k/6 - (-2894)/(-2). Let z = -1002 - j. Is z prime?
True
Let x = 0 + 1. Let r be -4*2/x*-1. Let k(w) = 2*w**2 - 3*w + 14. Is k(r) a composite number?
True
Let z(n) = -9*n**2. Let a be z(1). Let f be (-158)/(-18) + (-2)/a. Suppose -4*o = -f*o + 2395. Is o a composite number?
False
Suppose -4*i + 182 + 92 = -s, -i = 4*s + 1096. Is 0 - -14*s/(-4) a composite number?
True
Suppose 8755 - 401 = 2*o. Is o prime?
True
Suppose -852 - 813 = 5*g. Let f be g/(-6)*(-4)/(-2). Suppose -3*i + f = -0. Is i a prime number?
True
Let z(o) be the third derivative of -13*o**4/12 - o**3/2 + 5*o**2. Let i be z(-5). Let d = -8 + i. Is d a prime number?
False
Suppose 31487 = 2*f - 21821. Is f prime?
False
Let g = 9 - 15. Let f be (-1)/(-2) + (-1677)/g. Suppose 0 = 3*d - 5*d + 5*s + 132, 0 = 4*d - 2*s - f. Is d a prime number?
True
Let x(t) = -60*t - 1. Let r(n) = -181*n - 3. Let y(j) = 4*r(j) - 11*x(j). Let o(b) = b**2 - 5*b - 5. Let s be o(5). Is y(s) composite?
True
Let i = 81 + -78. Suppose 2*x + 0 - 13 = 3*m, -4*x - i*m = -71. Is x prime?
False
Let w(z) = -z**3 - 10*z**2 + 11*z + 3. Let l be (-6)/(-8) - (-376)/(-32). Let v be w(l). Suppose -582 + 9 = -v*u. Is u prime?
True
Let x be (1/2)/(5/60). Suppose p - 1 - 2 = -a, -a + 2*p = x. Is (a + -12)/(-4) + 180 a prime number?
False
Let y = 61 - 143. Let b = y - -205. Is b a prime number?
False
Let z(o) = -847*o**3 - 1 + 899*o**3 - 1170*o**3. Is z(-1) prime?
True
Suppose 3*q - 2*v = 6517, 5*q + 2*v = 4*q + 2167. Suppose -2*o = -5*p + 2719, 2*p + 2*p - 3*o = q. Suppose 331 = 6*n - p. Is n a composite number?
True
Suppose 4*t = 2*t + 4*w + 2424, -4*w = -t + 1216. Let j = 2403 - t. Is j prime?
False
Let x be (-14 - -2)*10/(-40). Suppose -349 = -x*h - o, 5*o - 357 = -3*h + 2*o. Is h a prime number?
False
Suppose 2*m = -8*m + 23430. Let x = m - -1260. Is x composite?
True
Is (-2 - -5) + (13560 - -16) a composite number?
True
Is (-254)/(((-84)/1099)/6) a composite number?
True
Let u = -17 - -19. Suppose u*k - 1477 = -317. Let a = k + -369. Is a prime?
True
Let i be (-2018)/4 - 36/(-24). Let r = i - -802. Is r a prime number?
False
Let y = 5200 - -5227. Is y a composite number?
False
Suppose -4*x - 5*x = -27. Let g(q) = 13*q**3 + 2*q - 4. Is g(x) prime?
True
Let u be (-27920)/(-35) + (-2)/(-7). Let s = u + -468. Suppose 3*m = s - 99. Is m a composite number?
True
Suppose -44*n = -56*n + 28668. Is n prime?
True
Let a = 4082 + -1789. Is a a prime number?
True
Let s = -19 - -25. Let c be s - 6 - (1 - 107). Is (-3)/(-2)*c/3 prime?
True
Let u(l) be the third derivative of l**5/60 + l**4/24 + 479*l**3/6 + 12*l**2. Is u(0) a prime number?
True
Is (56/7 - 11) + 190196 + 2 composite?
True
Suppose 3*q = -3*j + 1392, -j + 26*q + 455 = 30*q. Is j a composite number?
False
Suppose 3*y = -l + y + 28, l = 5*y + 21. Let v = l - 26. Suppose v = 3*t - t - 282. Is t composite?
True
Suppose -9365 = -6*h + 15757. Is h prime?
False
Let w be (-96)/(-18) + 4/6. Let s(f) = 89*f - 1. Is s(w) prime?
False
Let g be (8*2)/((-10)/45). Let r = g + 155. Is r a prime number?
True
Suppose -2*k + l = -5*k, 4*k + 3*l + 5 = 0. Let g(t) = -k + 117*t - 17*t - 5*t + 51*t. Is g(4) a prime number?
False
Suppose -2*p = -5*q + 60637 + 25166, -4*q + 68644 = -2*p. Is q a composite number?
False
Is ((-4)/24*-2)/(15/493110) a composite number?
True
Suppose b = -p - 3030, 0*b + 4*p = -b - 3033. Let w = b - -5734. Is w a composite number?
True
Let g be -1*2*(-17)/34. Is ((-2)/6)/((-15)/26010) - g composite?
False
Suppose 0 = l - c - 73, -5*l + 3*l = -4*c - 146. Let r = l - -105. Is (-22)/(1 + (-182)/r) a prime number?
False
Let k be ((-2)/(-2))/1*0. Suppose 3*w - 63 - 198 = k. Suppose r - 2*h + 30 = w, -4*r = -4*h - 216. Is r composite?
True
Let j = 18 - 16. Let q(t) = -8*t**2 + 3*t - 1. Let o be q(j). Let u = o - -154. Is u composite?
False
Let l(i) = -2*i**3 + 3*i**2 + 4*i - 10. Let h be (15/(-12))/(5/20). Is l(h) composite?
True
Let q(k) = -5*k**2 + 4*k + 1174. Let t(h) = -4*h**2 + 3*h + 1175. Let l(s) = -2*q(s) + 3*t(s). Is l(0) prime?
False
Suppose -76*t - 20*t + 9119328 = 0. Is t prime?
True
Suppose 4*z + 5*h - 14 = 0, -2*h + 6 = 4*z - h. Suppose p + p = 2. Is (0 + p)/(z/133) a composite number?
True
Is (-61426)/(-6) - (-14)/(-21) a prime number?
False
Let h = 5080 - -15617. Is h composite?
True
Let c(a) = a + 1. Let y be c(0). Let k(f) = -17*f + 1. Let j be k(y). Is (j/(-4))/(2/11) a composite number?
True
Let q = 2865 - 1208. Is q prime?
True
Suppose -950643 = -31*a - 344066. Is a composite?
True
Suppose 21 + 4 = 5*r. Suppose 0*f + 14 = 5*g - 4*f, -2*g - 1 = r*f. Suppose 190 = g*x - 88. Is x prime?
True
Let o(r) = -3*r**2 + 3*r - 6. Let n be o(-5). Let v = 63 + n. Is 11/v - (-1328)/6 a composite number?
True
Let c(m) be the second derivative of 8*m + 1/2*m**2 - 73/5*m**5 + 0 + 1/12*m**4 + 1/6*m**3. Is c(-1) prime?
True
Suppose -3*t + 3*k = -5*t + 18, 4*t = k + 8. Let y(w) = 9*w**2 - w**3 - 2*w**3 + 11*w - 14*w**2 + 11 + 2*w**t. Is y(-8) a prime number?
False
Suppose -2*q = -1959 + 473. Is q composite?
False
Let i = 6 + -10. Let b be i/5*(-25)/10. Suppose -k - 5*t + 304 = 0, -3*k - b*k + 1630 = 3*t. Is k composite?
True
Suppose 4*v = -4*k, -5*k + 32 = -0*v - 3*v. Let o(i) = -i**3 - 2*i**2 + i + 7. Is o(v) prime?
False
Let j(a) = 289*a + 7. Let l(p) = -290*p - 7. Let z(d) = -4*j(d) - 3*l(d). Is z(-3) prime?
False
Let x(q) = 37*q**2 + 19*q + 29. Is x(-12) composite?
True
Suppose -51*v + 542205 = -42*v. Is v a c